pose -36 + 16 = -4*o. Let u be 7/(-21)*1*-15. Let m(i) = -i**3 - 2 + 3*i**2 - 3*i**2 + 6*i**2 - u*i. Give m(o).
-2
Suppose -42 = -4*h - 3*d, -5*h - 3*d - 4 = -55. Let q(x) = h + x**2 - 9. Calculate q(1).
1
Let k(b) be the second derivative of b**5/60 + b**4/6 + b**3 + 5*b**2 + 18*b. Let q(a) be the first derivative of k(a). Let r be (3/2)/((-3)/8). Determine q(r).
6
Let f be (-106)/10 + 57/95. Let k(a) = 4*a - 3. Calculate k(f).
-43
Let t(u) be the second derivative of -30*u + 0 + 4/3*u**3 - 1/2*u**4 + u**2 - 1/20*u**5. Give t(-7).
-5
Let d = -235 - -238. Let i(p) = p**3 - p**2 - 2*p - 1. Give i(d).
11
Let b(f) be the third derivative of 4*f**2 - 1/6*f**4 + 0*f - 1/6*f**3 + 0. Give b(-1).
3
Let a(k) be the third derivative of k**7/630 + k**6/240 - k**4/6 + 2*k**2. Let v(g) be the second derivative of a(g). Give v(-2).
10
Let h(t) = -t + 15. Let o be h(12). Let n(r) = -r**3 + 2. Let b be n(0). Let m(f) = -1 - b*f**2 + 8*f + f**2 - 4*f - 7*f**o - 2*f. Determine m(1).
-7
Let k be (-5*3)/((-9)/6). Let m be (-1 - -4)/(k/10). Suppose -3*l - 18 = 4*p + 12, m*l - 12 = 3*p. Let q(i) = -i**3 - 6*i**2 + 2*i + 5. Determine q(p).
-7
Let x(w) = -w**2 - 4*w + 7. Let h(t) = 2*t**2 + 15*t + 2. Suppose 0*a + 2*a = 5*i + 39, 0 = -4*i + 2*a - 32. Let d be h(i). Calculate x(d).
2
Suppose -2*g - g - 3 = 0. Let l = -2 - g. Let t(c) = 87 + c + 81 - 166. Determine t(l).
1
Let r(o) = 6*o + 1. Let z = 7 + -10. Let d(i) = 5*i + 1. Let a(s) = z*r(s) + 2*d(s). Let h(p) = -95*p - 476. Let l be h(-5). Calculate a(l).
7
Let w be 3 - (-2*4/8 + 3). Let z(t) = -2*t + 2. Determine z(w).
0
Let z(m) = -m**3 - m**2 - m. Let l(x) = 82*x - 247. Let w be l(3). Give z(w).
1
Suppose -34 - 62 = 16*o. Let l(k) = -k**3 - 6*k**2 + 2*k + 7. Calculate l(o).
-5
Let a be 20/6 - 7*3/63. Let u(j) = -3*j + a + 4*j + 4*j. Give u(-3).
-12
Let s = -4 - -36. Suppose 4*c = -4*k + s, -18 = c - 3*c - 3*k. Let f(n) = n**2 - 6*n + 233 - 233. Give f(c).
0
Let n(t) = t**2 + 7*t. Let w(l) = 2*l**2 + 8*l - 1. Let m(v) = 3*n(v) - 2*w(v). Suppose 2*d - 4*d + 33 = 5*h, -5*d + 40 = 4*h. Calculate m(d).
6
Let c(n) = n - 5. Let t(z) = 9*z**2 - 13*z - 13. Let i be t(-1). Calculate c(i).
4
Suppose 0*p + 2*p = 8. Suppose -p*t - t - 15 = 0. Let c(d) be the first derivative of -d**3/3 - 2*d**2 + d + 1. Give c(t).
4
Let z(j) = -10*j + 0*j**2 + 14*j + j**2. Let v = -28 - -24. Calculate z(v).
0
Let y(t) = -14*t**3 - t**2 + 56*t + 15. Let r(q) = -5*q**3 + 20*q + 5. Let g(v) = -17*r(v) + 6*y(v). What is g(6)?
-19
Suppose -3*c - 3*d = 0, 0*c = -2*c + d + 15. Suppose 0 = c*n - 42 + 7. Let o(g) be the third derivative of -g**5/60 + 7*g**4/24 + g**3/6 + 2*g**2. Give o(n).
1
Suppose -2 = -a - 3. Let f(t) be the first derivative of 3*t**7/280 - t**5/60 - t**4/24 + 7*t**3/3 - 6. Let x(v) be the third derivative of f(v). What is x(a)?
-8
Let v be 288/84 + (-6)/14. Let z(q) = 7*q**2 + 10*q + 2. Let h(g) = -3*g**2 - 5*g - 1. Let j(n) = 9*h(n) + 4*z(n). Give j(v).
-7
Let z = -11 + 15. Let d(p) = 2*p - 5 - 7*p + z*p**2 + p**2 - 6*p**2. Let r be -3 + -2*(2 + -1). Determine d(r).
-5
Let p(n) = -7*n - 5. Let c(h) = -6*h - 4. Let i(r) = 6*c(r) - 5*p(r). Let s be i(-3). Let a(d) = -6*d + 2*d + 7*d - d**2. Determine a(s).
-4
Let w(p) = 4*p. Let m be w(-1). Let x(r) = -5*r - 18. Let h be x(m). Let j(b) = 3*b - 1. Give j(h).
5
Let x(s) be the first derivative of 2*s + 7/2*s**2 + s**3 + 11 - 1/4*s**4. Give x(5).
-13
Let j(v) = -41 + 5*v - 5*v + 69 - 4*v. Give j(6).
4
Let o(k) = -k**2 - 7*k - 1. Let q(t) = 5*t + 209. Let w be q(-43). What is o(w)?
5
Let x(b) = b**3 - 3*b + 1. Let y(n) = 5*n - 20. Let q be y(10). Let g be (2/6)/(5/q). Suppose 0 = c + 6*k - k + 13, -g*c + k + 7 = 0. What is x(c)?
3
Let a(h) = h**3 - 1. Let i(f) = -5*f**3 - 15*f**2 + 18*f + 43. Let v(y) = 4*a(y) + i(y). What is v(-16)?
7
Let q(p) = -p. Let b = 7 - 5. Let m(u) = 5*u - b - 4*u**2 + 2*u**2 - 3. Let c be m(2). What is q(c)?
3
Let j = -6 + 8. Suppose -w = j*w + 18. Let z(x) = 10*x + 2*x + x - 11*x. Give z(w).
-12
Let b(a) = a**3 + 1 + 17*a - 41*a + 16*a - 7*a**2 + 7. Determine b(8).
8
Let k(f) = -6*f + 1. Let q(u) = -u**3 + 9*u**2 + 2*u - 17. Let y be q(9). What is k(y)?
-5
Let r(v) = -17*v**2 - 14*v + 3. Let y(h) = 3*h**2 + 1. Let x(p) = -r(p) - 6*y(p). What is x(13)?
4
Let i(k) = 2*k. Let d be i(2). Let g(j) be the first derivative of 5*j + 6 + 1/3*j**3 - 2*j**2. Calculate g(d).
5
Let y(s) = 5*s - 3. Let r(t) = 1. Let n(x) = -3*r(x) - y(x). What is n(-4)?
20
Suppose -3*k + 4*q + 2 = -k, -3*k - q - 4 = 0. Let f be 1/(-2*k/(-10)). Let d be (f - 1)*(-4)/6. Let g(p) = -p - 4. Calculate g(d).
-8
Suppose -195 = -6*a + 3*a. Let j = a + -66. Let t(p) = 13*p**2 + p. Calculate t(j).
12
Let o(q) = 6*q**3 + 2*q**2 + 2*q + 1. Suppose -18 = 2*h - 4*w, -2 = 4*h - 4*w + 18. Give o(h).
-5
Let x = 143 + -142. Let v(b) = b. Give v(x).
1
Suppose -s - s + 20 = 0. Let j = -88 - -73. Let x = j + s. Let u(k) = k**3 + 5*k**2 + 2*k - 2. Calculate u(x).
-12
Let a(l) be the second derivative of 2*l + 7/12*l**4 + 0*l**3 - 1/360*l**6 + 0*l**2 - 1/20*l**5 + 0. Let j(p) be the third derivative of a(p). Determine j(-6).
6
Let l(w) = -3*w**3 - 4*w**2 - 3*w + 6. Let q(u) = 16*u**3 + 19*u**2 + 17*u - 29. Let t(p) = 11*l(p) + 2*q(p). Give t(-6).
2
Let r(y) = y**3 + 8*y**2 - 10*y - 1. Suppose 0 = 4*n + 2*v + 28, 2*n - 5*v = 19 - 57. Determine r(n).
8
Let d(v) = -1. Let b be (-1*1)/(5 + -4). Let f(h) = 3*h - 1. Let q(o) = b*f(o) - d(o). Suppose -2*x + 2 = -3*i + 3, 0 = -3*i - x + 13. Give q(i).
-7
Let i(u) be the third derivative of -u**5/30 + 5*u**4/24 + 13*u**3/6 - 78*u**2. Give i(4).
1
Let l(h) = 2*h**2 + 4*h - 4. Let b(q) = 2*q. Let i(w) = 2*w. Let g(x) = 6*b(x) - 5*i(x). Let d be ((-4)/3 - -1) + (-250)/150. Let j be g(d). What is l(j)?
12
Let l(k) = 7*k**3 + 14*k**2 - 12*k - 6. Let m(c) = 4*c**3 + 7*c**2 - 6*c - 3. Let x(i) = -3*l(i) + 5*m(i). What is x(-8)?
19
Suppose 2*c - 4*u = 1 - 17, 3*u = 3*c + 9. Let z(t) = -t**3 + 13*t**2 + 2*t - 1. Let f be z(13). Let j(m) = m**3 + 49*m - m**2 - f*m - 26*m. Determine j(c).
0
Suppose -3*m = 2*m - 3*h - 8, -36 = -4*m - 5*h. Let j = -13 + 15. Let f(a) = a**j - 2*a - a + 0*a**2. Give f(m).
4
Let b(d) = d**2 - 3*d - 5. Let o be b(4). Let i = 4 - o. Let x(q) = -q**2 + q. Let v(f) = -f**3 + 3*f**2 + 6*f - 1. Let n(l) = -v(l) + x(l). Give n(i).
1
Let t(s) = 2*s**2 - 4*s - 1. Suppose 0 = -2*w - k - 170, 10*w = 15*w + 5*k + 415. Let c = -84 - w. What is t(c)?
5
Let s(f) = -f**3 + 12*f**2 - 11*f + 7. Let v(x) = 23*x + 34. Let r be v(-1). Determine s(r).
7
Let o(b) = 0 + b**2 - 2 + b + 3*b**2 - 2*b**3 - 3*b. Let z(g) = g**2 - 10*g - 6. Let p be z(11). Let v = 7 - p. Calculate o(v).
-6
Suppose 21 = -5*p + 3*o + o, 4*o - 18 = 2*p. Let f(w) = w. Let v(j) = 16*j + 1. Let y(s) = -2*f(s) - v(s). Calculate y(p).
17
Let w(y) = -y**3 + 6*y**2 - 5*y - 7. Let c be w(4). Let b(v) = 1 - 4 - c*v + 3. Give b(-2).
10
Let f(u) be the second derivative of u**5/20 - 5*u**4/12 - 2*u**3 - 5*u**2 + 27*u. Determine f(7).
4
Let k(z) = -z + 2 + 3 - 5 + 5. Let d(s) = 5*s**2 - 2*s - 3. Let q be d(-1). Let u(v) = -v**2 + 7*v - 8. Let h be u(q). Calculate k(h).
1
Let b be -30*(2/(-18))/((-1)/3). Let j(w) = 2*w**3 - 6*w**2 + 7*w - 2. Let c(f) = f**3 - 7*f**2 + 8*f - 1. Let y(v) = 3*c(v) - 2*j(v). Calculate y(b).
1
Let j(i) = -2*i - 2. Let k(t) = 3*t + 2. Let f(v) = 7*j(v) + 5*k(v). What is f(10)?
6
Let o(i) = -2 + 1 + i - 13*i**2 + 14*i**2. Let a be o(-3). Let b(t) = -t**2 + 5*t + 1. What is b(a)?
1
Let v(p) = -4*p**3 + 11*p**2 + 8. Let b(m) = -m**3 + m**2 + m + 1. Let g(n) = 5*b(n) - v(n). Calculate g(-7).
11
Let z be 0/2 + 1 - -26. Let y(v) = 3*v - 3*v - z + 30 + 3*v. Calculate y(-5).
-12
Let d(k) be the first derivative of -k**3/3 + 5*k**2 + 13*k + 61. Give d(9).
22
Let j(o) be the second derivative of -1/6*o**3 + 0 - 25*o + 1/2*o**2. What is j(5)?
-4
Let w = 19 + -11. Let c(l) = -39999 - 7*l - 9*l**2 + 40003 + 10*l**2 + 0*l. Calculate c(w).
12
Let l(c) = -1 - 18 - c**2 + 21 - 13 - 9*c. Determine l(-7).
3
Suppose 0 = -3*y - 9, -n - 4*y - 1 - 6 = 0. Let r(s) = s + 7. Let m be r(-5). Let p(w) = -6*w - 13*w**2 + 4 + 26*w**m - 12*w**2. Determine p(n).
-1
Let m(z) = 4*z - 7. Let i(y) = -y**3 + 31*y**2 - 28*y - 66. Let l be i(30). Give m(l).
-31
Let g(l) = -2*l**2 + l + 1. Let p be g(-1). Let u be (-5